{"id":1458,"date":"2020-07-24T04:20:41","date_gmt":"2020-07-24T04:20:41","guid":{"rendered":"https:\/\/www.artedown.cl\/nueva-pagina\/?page_id=1458"},"modified":"2020-07-24T06:18:44","modified_gmt":"2020-07-24T06:18:44","slug":"videos","status":"publish","type":"page","link":"https:\/\/www.artedown.cl\/nueva-pagina\/videos\/","title":{"rendered":"V\u00eddeos"},"content":{"rendered":"<div id=\"pl-1458\"  class=\"panel-layout\" ><div id=\"pg-1458-0\"  class=\"panel-grid panel-has-style\" ><div class=\"panel-row-style panel-row-style-for-1458-0\" ><div id=\"pgc-1458-0-0\"  class=\"panel-grid-cell\" ><div id=\"panel-1458-0-0-0\" class=\"so-panel widget widget_sow-headline panel-first-child panel-last-child\" data-index=\"0\" ><div\n\t\t\t\n\t\t\tclass=\"so-widget-sow-headline so-widget-sow-headline-default-5f836a8e7709-1458 so-widget-fittext-wrapper\"\n\t\t\t data-fit-text-compressor=\"0.85\"\n\t\t><div class=\"sow-headline-container \">\n\t\t\t\t\t\t\t<h1 class=\"sow-headline\">\n\t\t\t\t\t\tV\u00eddeos\t\t\t\t\t\t<\/h1>\n\t\t\t\t\t\t\t\t\t\t\t<div class=\"decoration\">\n\t\t\t\t\t\t<div class=\"decoration-inside\"><\/div>\n\t\t\t\t\t<\/div>\n\t\t\t\t\t<\/div>\n<\/div><\/div><\/div><\/div><\/div><div id=\"pg-1458-1\"  class=\"panel-grid panel-has-style\" ><div class=\"panel-row-style panel-row-style-for-1458-1\" ><div id=\"pgc-1458-1-0\"  class=\"panel-grid-cell\" ><div id=\"panel-1458-1-0-0\" class=\"so-panel widget widget_sow-headline panel-first-child panel-last-child\" data-index=\"1\" ><div\n\t\t\t\n\t\t\tclass=\"so-widget-sow-headline so-widget-sow-headline-default-1c8e6e996dde-1458 so-widget-fittext-wrapper\"\n\t\t\t data-fit-text-compressor=\"0.85\"\n\t\t><div class=\"sow-headline-container \">\n\t\t\t\t\t\t\t<h2 class=\"sow-headline\">\n\t\t\t\t\t\t2018\t\t\t\t\t\t<\/h2>\n\t\t\t\t\t\t\t\t\t\t\t<div class=\"decoration\">\n\t\t\t\t\t\t<div class=\"decoration-inside\"><\/div>\n\t\t\t\t\t<\/div>\n\t\t\t\t\t<\/div>\n<\/div><\/div><\/div><\/div><\/div><div id=\"pg-1458-2\"  class=\"panel-grid panel-has-style\" ><div class=\"panel-row-style panel-row-style-for-1458-2\" ><div id=\"pgc-1458-2-0\"  class=\"panel-grid-cell panel-grid-cell-mobile-last\" ><div id=\"panel-1458-2-0-0\" class=\"so-panel widget widget_text panel-first-child panel-last-child\" data-index=\"2\" >\t\t\t<div class=\"textwidget\"><h2><strong>Inclusi\u00f3n ONG<\/strong><\/h2>\n<div class=\"ast-oembed-container\"><iframe title=\"Video Inclusi\u00f3n ONG\" src=\"https:\/\/www.youtube.com\/embed\/-Jxg9zzFpPQ?feature=oembed\" frameborder=\"0\" allow=\"accelerometer; autoplay; clipboard-write; encrypted-media; gyroscope; picture-in-picture; web-share\" referrerpolicy=\"strict-origin-when-cross-origin\" allowfullscreen><\/iframe><\/div>\n<\/div>\n\t\t<\/div><\/div><div id=\"pgc-1458-2-1\"  class=\"panel-grid-cell panel-grid-cell-empty\" ><\/div><\/div><\/div><div id=\"pg-1458-3\"  class=\"panel-grid panel-has-style\" ><div class=\"panel-row-style panel-row-style-for-1458-3\" ><div id=\"pgc-1458-3-0\"  class=\"panel-grid-cell\" ><div id=\"panel-1458-3-0-0\" class=\"so-panel widget widget_sow-headline panel-first-child panel-last-child\" data-index=\"3\" ><div\n\t\t\t\n\t\t\tclass=\"so-widget-sow-headline so-widget-sow-headline-default-1c8e6e996dde-1458 so-widget-fittext-wrapper\"\n\t\t\t data-fit-text-compressor=\"0.85\"\n\t\t><div class=\"sow-headline-container \">\n\t\t\t\t\t\t\t<h2 class=\"sow-headline\">\n\t\t\t\t\t\t2016\t\t\t\t\t\t<\/h2>\n\t\t\t\t\t\t\t\t\t\t\t<div class=\"decoration\">\n\t\t\t\t\t\t<div class=\"decoration-inside\"><\/div>\n\t\t\t\t\t<\/div>\n\t\t\t\t\t<\/div>\n<\/div><\/div><\/div><\/div><\/div><div id=\"pg-1458-4\"  class=\"panel-grid panel-has-style\" ><div class=\"panel-row-style panel-row-style-for-1458-4\" ><div id=\"pgc-1458-4-0\"  class=\"panel-grid-cell\" ><div id=\"panel-1458-4-0-0\" class=\"so-panel widget widget_text panel-first-child panel-last-child\" data-index=\"4\" >\t\t\t<div class=\"textwidget\"><h2>Taller Arte Down en Espacio de Arte Ojo Rojo<\/h2>\n<div style=\"text-align: center; margin: 0 auto;\"><iframe src=\"https:\/\/player.vimeo.com\/video\/155727997?title=0&amp;byline=0&amp;portrait=0\" frameborder=\"0\" allowfullscreen=\"allowfullscreen\"><\/iframe><\/div>\n<\/div>\n\t\t<\/div><\/div><div id=\"pgc-1458-4-1\"  class=\"panel-grid-cell\" ><div id=\"panel-1458-4-1-0\" class=\"so-panel widget widget_text panel-first-child panel-last-child\" data-index=\"5\" >\t\t\t<div class=\"textwidget\"><h2>Exposici\u00f3n &#8220;Mi Pa\u00eds&#8221; y Taller Inclusivo de Arte Down en Caja Los Andes, sede Valdivia<\/h2>\n<div class=\"ast-oembed-container\"><iframe title=\"Hasta el 01 de septiembre permancera abierta exposicion en Valdivia\" src=\"https:\/\/www.youtube.com\/embed\/alEAVlP9r48?feature=oembed\" frameborder=\"0\" allow=\"accelerometer; autoplay; clipboard-write; encrypted-media; gyroscope; picture-in-picture; web-share\" referrerpolicy=\"strict-origin-when-cross-origin\" allowfullscreen><\/iframe><\/div>\n<\/div>\n\t\t<\/div><\/div><\/div><\/div><div id=\"pg-1458-5\"  class=\"panel-grid panel-has-style\" ><div class=\"panel-row-style panel-row-style-for-1458-5\" ><div id=\"pgc-1458-5-0\"  class=\"panel-grid-cell\" ><div id=\"panel-1458-5-0-0\" class=\"so-panel widget widget_sow-headline panel-first-child panel-last-child\" data-index=\"6\" ><div\n\t\t\t\n\t\t\tclass=\"so-widget-sow-headline so-widget-sow-headline-default-1c8e6e996dde-1458 so-widget-fittext-wrapper\"\n\t\t\t data-fit-text-compressor=\"0.85\"\n\t\t><div class=\"sow-headline-container \">\n\t\t\t\t\t\t\t<h2 class=\"sow-headline\">\n\t\t\t\t\t\t2015\t\t\t\t\t\t<\/h2>\n\t\t\t\t\t\t\t\t\t\t\t<div class=\"decoration\">\n\t\t\t\t\t\t<div class=\"decoration-inside\"><\/div>\n\t\t\t\t\t<\/div>\n\t\t\t\t\t<\/div>\n<\/div><\/div><\/div><\/div><\/div><div id=\"pg-1458-6\"  class=\"panel-grid panel-has-style\" ><div class=\"panel-row-style panel-row-style-for-1458-6\" ><div id=\"pgc-1458-6-0\"  class=\"panel-grid-cell panel-grid-cell-mobile-last\" ><div id=\"panel-1458-6-0-0\" class=\"so-panel widget widget_text panel-first-child panel-last-child\" data-index=\"7\" >\t\t\t<div class=\"textwidget\"><h2><strong>Arte Down y ENIC en Caja Los Andes 2015<\/strong><\/h2>\n<div class=\"ast-oembed-container\"><iframe title=\"Arte Down y ENIC en Caja Los Andes 2015\" src=\"https:\/\/www.youtube.com\/embed\/DNn-oSsOx5k?feature=oembed\" frameborder=\"0\" allow=\"accelerometer; autoplay; clipboard-write; encrypted-media; gyroscope; picture-in-picture; web-share\" referrerpolicy=\"strict-origin-when-cross-origin\" allowfullscreen><\/iframe><\/div>\n<\/div>\n\t\t<\/div><\/div><div id=\"pgc-1458-6-1\"  class=\"panel-grid-cell panel-grid-cell-empty\" ><\/div><\/div><\/div><div id=\"pg-1458-7\"  class=\"panel-grid panel-has-style\" ><div class=\"panel-row-style panel-row-style-for-1458-7\" ><div id=\"pgc-1458-7-0\"  class=\"panel-grid-cell\" ><div id=\"panel-1458-7-0-0\" class=\"so-panel widget widget_sow-headline panel-first-child panel-last-child\" data-index=\"8\" ><div\n\t\t\t\n\t\t\tclass=\"so-widget-sow-headline so-widget-sow-headline-default-1c8e6e996dde-1458 so-widget-fittext-wrapper\"\n\t\t\t data-fit-text-compressor=\"0.85\"\n\t\t><div class=\"sow-headline-container \">\n\t\t\t\t\t\t\t<h2 class=\"sow-headline\">\n\t\t\t\t\t\t2014\t\t\t\t\t\t<\/h2>\n\t\t\t\t\t\t\t\t\t\t\t<div class=\"decoration\">\n\t\t\t\t\t\t<div class=\"decoration-inside\"><\/div>\n\t\t\t\t\t<\/div>\n\t\t\t\t\t<\/div>\n<\/div><\/div><\/div><\/div><\/div><div id=\"pg-1458-8\"  class=\"panel-grid panel-has-style\" ><div class=\"panel-row-style panel-row-style-for-1458-8\" ><div id=\"pgc-1458-8-0\"  class=\"panel-grid-cell\" ><div id=\"panel-1458-8-0-0\" class=\"so-panel widget widget_text panel-first-child panel-last-child\" data-index=\"9\" >\t\t\t<div class=\"textwidget\"><h2><strong>Lanzamiento Tercer Concurso Arte Down<\/strong><\/h2>\n<div class=\"ast-oembed-container\"><iframe title=\"LANZAMIENTO 3er CONCURSO ArteDown 2014 \/ TALLER INCLUSIVO\" src=\"https:\/\/www.youtube.com\/embed\/ajfxJzURWjI?feature=oembed\" frameborder=\"0\" allow=\"accelerometer; autoplay; clipboard-write; encrypted-media; gyroscope; picture-in-picture; web-share\" referrerpolicy=\"strict-origin-when-cross-origin\" allowfullscreen><\/iframe><\/div>\n<\/div>\n\t\t<\/div><\/div><div id=\"pgc-1458-8-1\"  class=\"panel-grid-cell\" ><div id=\"panel-1458-8-1-0\" class=\"so-panel widget widget_text panel-first-child panel-last-child\" data-index=\"10\" >\t\t\t<div class=\"textwidget\"><h2><strong>Campa\u00f1a de Inclusi\u00f3n por ArteDown<\/strong><\/h2>\n<div class=\"ast-oembed-container\"><iframe title=\"CAMPA\u00d1A DE INCLUSION. POR ARTE DOWN \/ ONG LABSOCIAL. INVIERNO 2014\" src=\"https:\/\/www.youtube.com\/embed\/KJJnClfCBUg?feature=oembed\" frameborder=\"0\" allow=\"accelerometer; autoplay; clipboard-write; encrypted-media; gyroscope; picture-in-picture; web-share\" referrerpolicy=\"strict-origin-when-cross-origin\" allowfullscreen><\/iframe><\/div>\n<\/div>\n\t\t<\/div><\/div><\/div><\/div><div id=\"pg-1458-9\"  class=\"panel-grid panel-has-style\" ><div class=\"panel-row-style panel-row-style-for-1458-9\" ><div id=\"pgc-1458-9-0\"  class=\"panel-grid-cell\" ><div id=\"panel-1458-9-0-0\" class=\"so-panel widget widget_sow-headline panel-first-child panel-last-child\" data-index=\"11\" ><div\n\t\t\t\n\t\t\tclass=\"so-widget-sow-headline so-widget-sow-headline-default-1c8e6e996dde-1458 so-widget-fittext-wrapper\"\n\t\t\t data-fit-text-compressor=\"0.85\"\n\t\t><div class=\"sow-headline-container \">\n\t\t\t\t\t\t\t<h2 class=\"sow-headline\">\n\t\t\t\t\t\t2013\t\t\t\t\t\t<\/h2>\n\t\t\t\t\t\t\t\t\t\t\t<div class=\"decoration\">\n\t\t\t\t\t\t<div class=\"decoration-inside\"><\/div>\n\t\t\t\t\t<\/div>\n\t\t\t\t\t<\/div>\n<\/div><\/div><\/div><\/div><\/div><div id=\"pg-1458-10\"  class=\"panel-grid panel-has-style\" ><div class=\"panel-row-style panel-row-style-for-1458-10\" ><div id=\"pgc-1458-10-0\"  class=\"panel-grid-cell\" ><div id=\"panel-1458-10-0-0\" class=\"so-panel widget widget_text panel-first-child panel-last-child\" data-index=\"12\" >\t\t\t<div class=\"textwidget\"><h2><strong>Premiaci\u00f3n Segundo Concurso Arte Down en La Moneda<\/strong><\/h2>\n<div class=\"ast-oembed-container\"><iframe title=\"Premiacion Segundo Concurso Arte Down Chile\" src=\"https:\/\/www.youtube.com\/embed\/PybAs9viDlM?feature=oembed\" frameborder=\"0\" allow=\"accelerometer; autoplay; clipboard-write; encrypted-media; gyroscope; picture-in-picture; web-share\" referrerpolicy=\"strict-origin-when-cross-origin\" allowfullscreen><\/iframe><\/div>\n<\/div>\n\t\t<\/div><\/div><div id=\"pgc-1458-10-1\"  class=\"panel-grid-cell\" ><div id=\"panel-1458-10-1-0\" class=\"so-panel widget widget_text panel-first-child panel-last-child\" data-index=\"13\" >\t\t\t<div class=\"textwidget\"><h2><strong>Video Lanzamiento Concurso 2013<\/strong><\/h2>\n<p>http:\/\/www.youtube.com\/watch?v=5LA8HhIUPL4<\/p>\n<\/div>\n\t\t<\/div><\/div><\/div><\/div><div id=\"pg-1458-11\"  class=\"panel-grid panel-has-style\" ><div class=\"panel-row-style panel-row-style-for-1458-11\" ><div id=\"pgc-1458-11-0\"  class=\"panel-grid-cell\" ><div id=\"panel-1458-11-0-0\" class=\"so-panel widget widget_text panel-first-child panel-last-child\" data-index=\"14\" >\t\t\t<div class=\"textwidget\"><h2><strong>Invitaci\u00f3n Arte Down 2013 &#8211; Benjam\u00edn Vicu\u00f1a<\/strong><\/h2>\n<p>http:\/\/www.youtube.com\/watch?v=Qvo2U8yUsbE<\/p>\n<\/div>\n\t\t<\/div><\/div><div id=\"pgc-1458-11-1\"  class=\"panel-grid-cell\" ><div id=\"panel-1458-11-1-0\" class=\"so-panel widget widget_text panel-first-child panel-last-child\" data-index=\"15\" >\t\t\t<div class=\"textwidget\"><h2><strong>Talleres Arte Down Chile<\/strong><\/h2>\n<p>http:\/\/www.youtube.com\/watch?<wbr>v=XHrK-WS5Wgw<\/p>\n<\/div>\n\t\t<\/div><\/div><\/div><\/div><div id=\"pg-1458-12\"  class=\"panel-grid panel-has-style\" ><div class=\"panel-row-style panel-row-style-for-1458-12\" ><div id=\"pgc-1458-12-0\"  class=\"panel-grid-cell\" ><div id=\"panel-1458-12-0-0\" class=\"so-panel widget widget_text panel-first-child panel-last-child\" data-index=\"16\" >\t\t\t<div class=\"textwidget\"><h2><strong>Sebast\u00edan Pi\u00f1era<\/strong><\/h2>\n<p>http:\/\/www.youtube.com\/watch?v=WCqrvYBBAKs<\/p>\n<\/div>\n\t\t<\/div><\/div><div id=\"pgc-1458-12-1\"  class=\"panel-grid-cell\" ><div id=\"panel-1458-12-1-0\" class=\"so-panel widget widget_text panel-first-child panel-last-child\" data-index=\"17\" >\t\t\t<div class=\"textwidget\"><h2>Kike Morand\u00e9<\/h2>\n<p>http:\/\/www.youtube.com\/watch?v=hjeXMpAsx5k<\/p>\n<\/div>\n\t\t<\/div><\/div><\/div><\/div><div id=\"pg-1458-13\"  class=\"panel-grid panel-has-style\" ><div class=\"panel-row-style panel-row-style-for-1458-13\" ><div id=\"pgc-1458-13-0\"  class=\"panel-grid-cell\" ><div id=\"panel-1458-13-0-0\" class=\"so-panel widget widget_text panel-first-child panel-last-child\" data-index=\"18\" >\t\t\t<div class=\"textwidget\"><h2><strong>Ximena Rivas. Directora Nacional Senadis<\/strong><\/h2>\n<p>http:\/\/www.youtube.com\/watch?v=uSWEAYZxalE<\/p>\n<\/div>\n\t\t<\/div><\/div><div id=\"pgc-1458-13-1\"  class=\"panel-grid-cell\" ><div id=\"panel-1458-13-1-0\" class=\"so-panel widget widget_text panel-first-child panel-last-child\" data-index=\"19\" >\t\t\t<div class=\"textwidget\"><h2><strong>Soledad Onetto<\/strong><\/h2>\n<p>http:\/\/www.youtube.com\/watch?v=8wWvoF6czgo<\/p>\n<\/div>\n\t\t<\/div><\/div><\/div><\/div><div id=\"pg-1458-14\"  class=\"panel-grid panel-has-style\" ><div class=\"panel-row-style panel-row-style-for-1458-14\" ><div id=\"pgc-1458-14-0\"  class=\"panel-grid-cell panel-grid-cell-mobile-last\" ><div id=\"panel-1458-14-0-0\" class=\"so-panel widget widget_text panel-first-child panel-last-child\" data-index=\"20\" >\t\t\t<div class=\"textwidget\"><h2><strong>Felipe Izquierdo<\/strong><\/h2>\n<p>http:\/\/www.youtube.com\/watch?v=PaLUGgLuvvw<\/p>\n<\/div>\n\t\t<\/div><\/div><div id=\"pgc-1458-14-1\"  class=\"panel-grid-cell panel-grid-cell-empty\" ><\/div><\/div><\/div><div id=\"pg-1458-15\"  class=\"panel-grid panel-has-style\" ><div class=\"panel-row-style panel-row-style-for-1458-15\" ><div id=\"pgc-1458-15-0\"  class=\"panel-grid-cell\" ><div id=\"panel-1458-15-0-0\" class=\"so-panel widget widget_sow-headline panel-first-child panel-last-child\" data-index=\"21\" ><div\n\t\t\t\n\t\t\tclass=\"so-widget-sow-headline so-widget-sow-headline-default-1c8e6e996dde-1458 so-widget-fittext-wrapper\"\n\t\t\t data-fit-text-compressor=\"0.85\"\n\t\t><div class=\"sow-headline-container \">\n\t\t\t\t\t\t\t<h2 class=\"sow-headline\">\n\t\t\t\t\t\t2012\t\t\t\t\t\t<\/h2>\n\t\t\t\t\t\t\t\t\t\t\t<div class=\"decoration\">\n\t\t\t\t\t\t<div class=\"decoration-inside\"><\/div>\n\t\t\t\t\t<\/div>\n\t\t\t\t\t<\/div>\n<\/div><\/div><\/div><\/div><\/div><div id=\"pg-1458-16\"  class=\"panel-grid panel-has-style\" ><div class=\"panel-row-style panel-row-style-for-1458-16\" ><div id=\"pgc-1458-16-0\"  class=\"panel-grid-cell\" ><div id=\"panel-1458-16-0-0\" class=\"so-panel widget widget_text panel-first-child panel-last-child\" data-index=\"22\" >\t\t\t<div class=\"textwidget\"><h2><strong>Javier Miranda<\/strong><\/h2>\n<p>http:\/\/www.youtube.com\/watch?v=-riximflJAI<\/p>\n<\/div>\n\t\t<\/div><\/div><div id=\"pgc-1458-16-1\"  class=\"panel-grid-cell\" ><div id=\"panel-1458-16-1-0\" class=\"so-panel widget widget_text panel-first-child panel-last-child\" data-index=\"23\" >\t\t\t<div class=\"textwidget\"><h2><strong>Macarena Pizarro<\/strong><\/h2>\n<p>http:\/\/www.youtube.com\/watch?v=eHcVBnUA3PQ<\/p>\n<\/div>\n\t\t<\/div><\/div><\/div><\/div><div id=\"pg-1458-17\"  class=\"panel-grid panel-has-style\" ><div class=\"panel-row-style panel-row-style-for-1458-17\" ><div id=\"pgc-1458-17-0\"  class=\"panel-grid-cell\" ><div id=\"panel-1458-17-0-0\" class=\"so-panel widget widget_text panel-first-child panel-last-child\" data-index=\"24\" >\t\t\t<div class=\"textwidget\"><h2><strong>Gonzalo Cienfuegos<\/strong><\/h2>\n<p>http:\/\/www.youtube.com\/watch?v=qdiVlCJddZA<\/p>\n<\/div>\n\t\t<\/div><\/div><div id=\"pgc-1458-17-1\"  class=\"panel-grid-cell\" ><div id=\"panel-1458-17-1-0\" class=\"so-panel widget widget_text panel-first-child panel-last-child\" data-index=\"25\" >\t\t\t<div class=\"textwidget\"><h2><strong>Amigos de Incluir<\/strong><\/h2>\n<p>http:\/\/www.youtube.com\/watch?v=_CYydczqmz8<\/p>\n<\/div>\n\t\t<\/div><\/div><\/div><\/div><div id=\"pg-1458-18\"  class=\"panel-grid panel-has-style\" ><div class=\"panel-row-style panel-row-style-for-1458-18\" ><div id=\"pgc-1458-18-0\"  class=\"panel-grid-cell\" ><div id=\"panel-1458-18-0-0\" class=\"so-panel widget widget_text panel-first-child panel-last-child\" data-index=\"26\" >\t\t\t<div class=\"textwidget\"><h2>Libro y Gira Regiones<\/h2>\n<div class=\"ast-oembed-container\"><iframe title=\"Exposici\u00f3n Arte Down\" src=\"https:\/\/www.youtube.com\/embed\/nxSEQoae_LU?feature=oembed\" frameborder=\"0\" allow=\"accelerometer; autoplay; clipboard-write; encrypted-media; gyroscope; picture-in-picture; web-share\" referrerpolicy=\"strict-origin-when-cross-origin\" allowfullscreen><\/iframe><\/div>\n<\/div>\n\t\t<\/div><\/div><div id=\"pgc-1458-18-1\"  class=\"panel-grid-cell\" ><div id=\"panel-1458-18-1-0\" class=\"so-panel widget widget_text panel-first-child panel-last-child\" data-index=\"27\" >\t\t\t<div class=\"textwidget\"><h2>Cuadros Concurso Arte Down 2012<\/h2>\n<div class=\"ast-oembed-container\"><iframe title=\"inaguracion arte down chile 2012\" src=\"https:\/\/www.youtube.com\/embed\/U3QfNhi2Egs?feature=oembed\" frameborder=\"0\" allow=\"accelerometer; autoplay; clipboard-write; encrypted-media; gyroscope; picture-in-picture; web-share\" referrerpolicy=\"strict-origin-when-cross-origin\" allowfullscreen><\/iframe><\/div>\n<\/div>\n\t\t<\/div><\/div><\/div><\/div><\/div>","protected":false},"excerpt":{"rendered":"<p>V\u00eddeos 2018 Inclusi\u00f3n ONG 2016 Taller Arte Down en Espacio de Arte Ojo Rojo Exposici\u00f3n &#8220;Mi Pa\u00eds&#8221; y Taller Inclusivo de Arte Down en Caja Los Andes, sede Valdivia 2015 Arte Down y ENIC en Caja Los Andes 2015 2014 Lanzamiento Tercer Concurso Arte Down Campa\u00f1a de Inclusi\u00f3n por ArteDown 2013 Premiaci\u00f3n Segundo Concurso Arte &hellip;<\/p>\n<p class=\"read-more\"> <a class=\"\" href=\"https:\/\/www.artedown.cl\/nueva-pagina\/videos\/\"> <span class=\"screen-reader-text\">V\u00eddeos<\/span> Read More &raquo;<\/a><\/p>\n","protected":false},"author":1,"featured_media":0,"parent":0,"menu_order":0,"comment_status":"closed","ping_status":"closed","template":"template\/page\/fullwidth.php","meta":{"bgseo_title":"","bgseo_description":"","bgseo_robots_index":"index","bgseo_robots_follow":"follow","footnotes":""},"class_list":["post-1458","page","type-page","status-publish","hentry"],"_links":{"self":[{"href":"https:\/\/www.artedown.cl\/nueva-pagina\/wp-json\/wp\/v2\/pages\/1458","targetHints":{"allow":["GET"]}}],"collection":[{"href":"https:\/\/www.artedown.cl\/nueva-pagina\/wp-json\/wp\/v2\/pages"}],"about":[{"href":"https:\/\/www.artedown.cl\/nueva-pagina\/wp-json\/wp\/v2\/types\/page"}],"author":[{"embeddable":true,"href":"https:\/\/www.artedown.cl\/nueva-pagina\/wp-json\/wp\/v2\/users\/1"}],"replies":[{"embeddable":true,"href":"https:\/\/www.artedown.cl\/nueva-pagina\/wp-json\/wp\/v2\/comments?post=1458"}],"version-history":[{"count":8,"href":"https:\/\/www.artedown.cl\/nueva-pagina\/wp-json\/wp\/v2\/pages\/1458\/revisions"}],"predecessor-version":[{"id":1586,"href":"https:\/\/www.artedown.cl\/nueva-pagina\/wp-json\/wp\/v2\/pages\/1458\/revisions\/1586"}],"wp:attachment":[{"href":"https:\/\/www.artedown.cl\/nueva-pagina\/wp-json\/wp\/v2\/media?parent=1458"}],"curies":[{"name":"wp","href":"https:\/\/api.w.org\/{rel}","templated":true}]}}