{"id":534,"date":"2020-06-25T21:21:29","date_gmt":"2020-06-25T21:21:29","guid":{"rendered":"https:\/\/www.artedown.cl\/nueva-pagina\/?page_id=534"},"modified":"2020-07-06T22:23:34","modified_gmt":"2020-07-06T22:23:34","slug":"artedown-2013-mi-pais","status":"publish","type":"page","link":"https:\/\/www.artedown.cl\/nueva-pagina\/artedown-2013-mi-pais\/","title":{"rendered":"ArteDown 2013: Mi Pa\u00eds"},"content":{"rendered":"<div id=\"pl-534\"  class=\"panel-layout\" ><div id=\"pg-534-0\"  class=\"panel-grid panel-has-style\" ><div class=\"panel-row-style panel-row-style-for-534-0\" ><div id=\"pgc-534-0-0\"  class=\"panel-grid-cell\" ><div id=\"panel-534-0-0-0\" class=\"so-panel widget widget_sow-headline panel-first-child panel-last-child\" data-index=\"0\" ><div\n\t\t\t\n\t\t\tclass=\"so-widget-sow-headline so-widget-sow-headline-default-5f836a8e7709-534\"\n\t\t\t\n\t\t><div class=\"sow-headline-container \">\n\t\t\t\t\t\t\t<h1 class=\"sow-headline\">\n\t\t\t\t\t\tCuadro de Honor\t\t\t\t\t\t<\/h1>\n\t\t\t\t\t\t\t\t\t\t\t<div class=\"decoration\">\n\t\t\t\t\t\t<div class=\"decoration-inside\"><\/div>\n\t\t\t\t\t<\/div>\n\t\t\t\t\t<\/div>\n<\/div><\/div><\/div><\/div><\/div><div id=\"pg-534-1\"  class=\"panel-grid panel-has-style\" ><div class=\"panel-row-style panel-row-style-for-534-1\" ><div id=\"pgc-534-1-0\"  class=\"panel-grid-cell\" ><div id=\"panel-534-1-0-0\" class=\"so-panel widget widget_sow-headline panel-first-child\" data-index=\"1\" ><div\n\t\t\t\n\t\t\tclass=\"so-widget-sow-headline so-widget-sow-headline-default-71012c72efd5-534\"\n\t\t\t\n\t\t><div class=\"sow-headline-container \">\n\t\t\t\t\t\t\t<h2 class=\"sow-headline\">\n\t\t\t\t\t\tCategor\u00eda A (4 a 9 a\u00f1os)\t\t\t\t\t\t<\/h2>\n\t\t\t\t\t\t\t\t\t\t\t<div class=\"decoration\">\n\t\t\t\t\t\t<div class=\"decoration-inside\"><\/div>\n\t\t\t\t\t<\/div>\n\t\t\t\t\t<\/div>\n<\/div><\/div><div id=\"panel-534-1-0-1\" class=\"so-panel widget widget_sow-editor panel-last-child\" data-index=\"2\" ><div\n\t\t\t\n\t\t\tclass=\"so-widget-sow-editor so-widget-sow-editor-base\"\n\t\t\t\n\t\t>\n<div class=\"siteorigin-widget-tinymce textwidget\">\n\t<ol>\n<li>Joaqu\u00edn Ferrada Riquelme<\/li>\n<li>Almendra Reyes Rojas<\/li>\n<li>Jose Ignacio Vargas Pulgar<br \/>\n<strong>Menci\u00f3n Honrosa:<\/strong> Blanca Zaldivar Perl<\/li>\n<\/ol>\n<\/div>\n<\/div><\/div><\/div><div id=\"pgc-534-1-1\"  class=\"panel-grid-cell\" ><div id=\"panel-534-1-1-0\" class=\"so-panel widget widget_sow-headline panel-first-child\" data-index=\"3\" ><div\n\t\t\t\n\t\t\tclass=\"so-widget-sow-headline so-widget-sow-headline-default-71012c72efd5-534\"\n\t\t\t\n\t\t><div class=\"sow-headline-container \">\n\t\t\t\t\t\t\t<h2 class=\"sow-headline\">\n\t\t\t\t\t\tCategor\u00eda B (10 a 14 a\u00f1os)\t\t\t\t\t\t<\/h2>\n\t\t\t\t\t\t\t\t\t\t\t<div class=\"decoration\">\n\t\t\t\t\t\t<div class=\"decoration-inside\"><\/div>\n\t\t\t\t\t<\/div>\n\t\t\t\t\t<\/div>\n<\/div><\/div><div id=\"panel-534-1-1-1\" class=\"so-panel widget widget_sow-editor panel-last-child\" data-index=\"4\" ><div\n\t\t\t\n\t\t\tclass=\"so-widget-sow-editor so-widget-sow-editor-base\"\n\t\t\t\n\t\t>\n<div class=\"siteorigin-widget-tinymce textwidget\">\n\t<ol>\n<li>Hector Alvarez Aballay<\/li>\n<li>Benjamin Farias Campos<\/li>\n<li>Jos\u00e9 Eduardo Ramirez<br \/><strong>Menci\u00f3n Honrosa:<\/strong>Cristobal Matamala Espinoza<\/li>\n<\/ol>\n<\/div>\n<\/div><\/div><\/div><div id=\"pgc-534-1-2\"  class=\"panel-grid-cell\" ><div id=\"panel-534-1-2-0\" class=\"so-panel widget widget_sow-headline panel-first-child\" data-index=\"5\" ><div\n\t\t\t\n\t\t\tclass=\"so-widget-sow-headline so-widget-sow-headline-default-71012c72efd5-534\"\n\t\t\t\n\t\t><div class=\"sow-headline-container \">\n\t\t\t\t\t\t\t<h2 class=\"sow-headline\">\n\t\t\t\t\t\tCategor\u00eda C (15 en adelante)\t\t\t\t\t\t<\/h2>\n\t\t\t\t\t\t\t\t\t\t\t<div class=\"decoration\">\n\t\t\t\t\t\t<div class=\"decoration-inside\"><\/div>\n\t\t\t\t\t<\/div>\n\t\t\t\t\t<\/div>\n<\/div><\/div><div id=\"panel-534-1-2-1\" class=\"so-panel widget widget_sow-editor panel-last-child\" data-index=\"6\" ><div\n\t\t\t\n\t\t\tclass=\"so-widget-sow-editor so-widget-sow-editor-base\"\n\t\t\t\n\t\t>\n<div class=\"siteorigin-widget-tinymce textwidget\">\n\t<ol>\n<li>Silvana de los Angeles Vergara Jofre<\/li>\n<li>Tamara Vivero Bohm<\/li>\n<li>Oscar Walter Diaz<br \/><strong>Menci\u00f3n Honrosa:<\/strong>Alexis Tripainao Barriga<br \/><strong>Menci\u00f3n Honrosa:<\/strong>Bego\u00f1a Mingo Zabala<\/li>\n<\/ol>\n<\/div>\n<\/div><\/div><\/div><\/div><\/div><div id=\"pg-534-2\"  class=\"panel-grid panel-has-style\" ><div class=\"panel-row-style panel-row-style-for-534-2\" ><div id=\"pgc-534-2-0\"  class=\"panel-grid-cell\" ><div id=\"panel-534-2-0-0\" class=\"so-panel widget widget_sow-headline panel-first-child\" data-index=\"7\" ><div\n\t\t\t\n\t\t\tclass=\"so-widget-sow-headline so-widget-sow-headline-default-71012c72efd5-534\"\n\t\t\t\n\t\t><div class=\"sow-headline-container \">\n\t\t\t\t\t\t\t<h2 class=\"sow-headline\">\n\t\t\t\t\t\tCon respecto al concurso ArteDown 2013\t\t\t\t\t\t<\/h2>\n\t\t\t\t\t\t\t\t\t\t\t<div class=\"decoration\">\n\t\t\t\t\t\t<div class=\"decoration-inside\"><\/div>\n\t\t\t\t\t<\/div>\n\t\t\t\t\t<\/div>\n<\/div><\/div><div id=\"panel-534-2-0-1\" class=\"so-panel widget widget_sow-editor panel-last-child\" data-index=\"8\" ><div\n\t\t\t\n\t\t\tclass=\"so-widget-sow-editor so-widget-sow-editor-base\"\n\t\t\t\n\t\t>\n<div class=\"siteorigin-widget-tinymce textwidget\">\n\t<p>Es a\u00f1o 2013, el Movimiento ArteDown Chile recibi\u00f3 una invitaci\u00f3n especial, la de hacer la premiaci\u00f3n del concurso 2013 en el Palacio de la Moneda, recibiendo los 13 ganadores de entre 81 participantes de Antofagasta a Coyhaique, la medalla de honor por parte del Presidente de la Rep\u00fablica. La actividad, y como premio para los ganadores, cont\u00f3 con un taller en que 12 connotados artistas nacionales, pintaron un cuadro en conjunto a los ganadores del Concurso ArteDown, transmitiendo as\u00ed; el valor de la inclusi\u00f3n en nuestra sociedad.<\/p>\n<\/div>\n<\/div><\/div><\/div><\/div><\/div><\/div>","protected":false},"excerpt":{"rendered":"<p>Joaqu\u00edn Ferrada Riquelme Almendra Reyes Rojas Jose Ignacio Vargas Pulgar Menci\u00f3n Honrosa: Blanca Zaldivar Perl Hector Alvarez Aballay Benjamin Farias Campos Jos\u00e9 Eduardo RamirezMenci\u00f3n Honrosa:Cristobal Matamala Espinoza Silvana de los Angeles Vergara Jofre Tamara Vivero Bohm Oscar Walter DiazMenci\u00f3n Honrosa:Alexis Tripainao BarrigaMenci\u00f3n Honrosa:Bego\u00f1a Mingo Zabala<\/p>\n","protected":false},"author":1,"featured_media":0,"parent":0,"menu_order":0,"comment_status":"closed","ping_status":"closed","template":"template\/page\/fullwidth.php","meta":{"bgseo_title":"","bgseo_description":"","bgseo_robots_index":"index","bgseo_robots_follow":"follow","footnotes":""},"class_list":["post-534","page","type-page","status-publish","hentry"],"_links":{"self":[{"href":"https:\/\/www.artedown.cl\/nueva-pagina\/wp-json\/wp\/v2\/pages\/534","targetHints":{"allow":["GET"]}}],"collection":[{"href":"https:\/\/www.artedown.cl\/nueva-pagina\/wp-json\/wp\/v2\/pages"}],"about":[{"href":"https:\/\/www.artedown.cl\/nueva-pagina\/wp-json\/wp\/v2\/types\/page"}],"author":[{"embeddable":true,"href":"https:\/\/www.artedown.cl\/nueva-pagina\/wp-json\/wp\/v2\/users\/1"}],"replies":[{"embeddable":true,"href":"https:\/\/www.artedown.cl\/nueva-pagina\/wp-json\/wp\/v2\/comments?post=534"}],"version-history":[{"count":7,"href":"https:\/\/www.artedown.cl\/nueva-pagina\/wp-json\/wp\/v2\/pages\/534\/revisions"}],"predecessor-version":[{"id":831,"href":"https:\/\/www.artedown.cl\/nueva-pagina\/wp-json\/wp\/v2\/pages\/534\/revisions\/831"}],"wp:attachment":[{"href":"https:\/\/www.artedown.cl\/nueva-pagina\/wp-json\/wp\/v2\/media?parent=534"}],"curies":[{"name":"wp","href":"https:\/\/api.w.org\/{rel}","templated":true}]}}