{"id":90,"date":"2020-04-07T00:36:51","date_gmt":"2020-04-07T00:36:51","guid":{"rendered":"https:\/\/www.artedown.cl\/nueva-pagina\/?page_id=90"},"modified":"2020-07-13T21:41:45","modified_gmt":"2020-07-13T21:41:45","slug":"murales","status":"publish","type":"page","link":"https:\/\/www.artedown.cl\/nueva-pagina\/murales\/","title":{"rendered":"Murales"},"content":{"rendered":"<div id=\"pl-90\"  class=\"panel-layout\" ><div id=\"pg-90-0\"  class=\"panel-grid panel-no-style\" ><div id=\"pgc-90-0-0\"  class=\"panel-grid-cell\" ><div id=\"panel-90-0-0-0\" class=\"so-panel widget widget_sow-headline panel-first-child panel-last-child\" data-index=\"0\" ><div\n\t\t\t\n\t\t\tclass=\"so-widget-sow-headline so-widget-sow-headline-default-5f836a8e7709-90 so-widget-fittext-wrapper\"\n\t\t\t data-fit-text-compressor=\"0.85\"\n\t\t><div class=\"sow-headline-container \">\n\t\t\t\t\t\t\t<h1 class=\"sow-headline\">\n\t\t\t\t\t\tMurales\t\t\t\t\t\t<\/h1>\n\t\t\t\t\t\t\t\t\t\t\t<div class=\"decoration\">\n\t\t\t\t\t\t<div class=\"decoration-inside\"><\/div>\n\t\t\t\t\t<\/div>\n\t\t\t\t\t<\/div>\n<\/div><\/div><\/div><\/div><div id=\"pg-90-1\"  class=\"panel-grid panel-no-style\" ><div id=\"pgc-90-1-0\"  class=\"panel-grid-cell\" ><div id=\"panel-90-1-0-0\" class=\"so-panel widget widget_sow-image panel-first-child panel-last-child\" data-index=\"1\" ><div class=\"panel-widget-style panel-widget-style-for-90-1-0-0\" ><div\n\t\t\t\n\t\t\tclass=\"so-widget-sow-image so-widget-sow-image-default-8b5b6f678277-90\"\n\t\t\t\n\t\t>\n<div class=\"sow-image-container\">\n\t\t<img \n\tsrc=\"https:\/\/www.artedown.cl\/nueva-pagina\/wp-content\/uploads\/2020\/06\/Mural-ArteDown.jpg\" width=\"995\" height=\"554\" srcset=\"https:\/\/www.artedown.cl\/nueva-pagina\/wp-content\/uploads\/2020\/06\/Mural-ArteDown.jpg 995w, https:\/\/www.artedown.cl\/nueva-pagina\/wp-content\/uploads\/2020\/06\/Mural-ArteDown-300x167.jpg 300w, https:\/\/www.artedown.cl\/nueva-pagina\/wp-content\/uploads\/2020\/06\/Mural-ArteDown-768x428.jpg 768w, https:\/\/www.artedown.cl\/nueva-pagina\/wp-content\/uploads\/2020\/06\/Mural-ArteDown-250x139.jpg 250w, https:\/\/www.artedown.cl\/nueva-pagina\/wp-content\/uploads\/2020\/06\/Mural-ArteDown-550x306.jpg 550w, https:\/\/www.artedown.cl\/nueva-pagina\/wp-content\/uploads\/2020\/06\/Mural-ArteDown-800x445.jpg 800w, https:\/\/www.artedown.cl\/nueva-pagina\/wp-content\/uploads\/2020\/06\/Mural-ArteDown-323x180.jpg 323w, https:\/\/www.artedown.cl\/nueva-pagina\/wp-content\/uploads\/2020\/06\/Mural-ArteDown-539x300.jpg 539w, https:\/\/www.artedown.cl\/nueva-pagina\/wp-content\/uploads\/2020\/06\/Mural-ArteDown-898x500.jpg 898w\" sizes=\"(max-width: 995px) 100vw, 995px\" title=\"Mural ArteDown\" alt=\"\" \t\tclass=\"so-widget-image\"\/>\n\t<\/div>\n\n<\/div><\/div><\/div><\/div><div id=\"pgc-90-1-1\"  class=\"panel-grid-cell\" ><div id=\"panel-90-1-1-0\" class=\"so-panel widget widget_text panel-first-child panel-last-child\" data-index=\"2\" ><div class=\"panel-widget-style panel-widget-style-for-90-1-1-0\" ><h3 class=\"widget-title\">Encuentro de Inclusi\u00f3n y Cultura, Concepci\u00f3n<\/h3>\t\t\t<div class=\"textwidget\"><p>Alumnos de la Fundaci\u00f3n EGO SUM colaboraron en la realizaci\u00f3n de un mural dirigido por nuestra artista madrina Margarita Garc\u00e9s.<\/p>\n<p style=\"border-radius: 15px; background-color: #f3cf9e; color: white; text-decoration: none; padding: 15px 10px 15px 10px; margin-top: 30px;\"><strong>Fecha: <\/strong>21 de Agosto 2019<br \/>\n<strong>Lugar: <\/strong>Fundaci\u00f3n EGO SUM<br \/>\n<strong>Direcci\u00f3n: <\/strong>Collao 780, Concepci\u00f3n<\/p>\n<\/div>\n\t\t<\/div><\/div><\/div><\/div><div id=\"pg-90-2\"  class=\"panel-grid panel-no-style\" ><div id=\"pgc-90-2-0\"  class=\"panel-grid-cell\" ><div id=\"panel-90-2-0-0\" class=\"so-panel widget widget_sow-image panel-first-child panel-last-child\" data-index=\"3\" ><div class=\"panel-widget-style panel-widget-style-for-90-2-0-0\" ><div\n\t\t\t\n\t\t\tclass=\"so-widget-sow-image so-widget-sow-image-default-8b5b6f678277-90\"\n\t\t\t\n\t\t>\n<div class=\"sow-image-container\">\n\t\t<img \n\tsrc=\"https:\/\/www.artedown.cl\/nueva-pagina\/wp-content\/uploads\/2020\/04\/FOTO-2.jpg\" width=\"1920\" height=\"516\" srcset=\"https:\/\/www.artedown.cl\/nueva-pagina\/wp-content\/uploads\/2020\/04\/FOTO-2.jpg 1920w, https:\/\/www.artedown.cl\/nueva-pagina\/wp-content\/uploads\/2020\/04\/FOTO-2-300x81.jpg 300w, https:\/\/www.artedown.cl\/nueva-pagina\/wp-content\/uploads\/2020\/04\/FOTO-2-1024x275.jpg 1024w, https:\/\/www.artedown.cl\/nueva-pagina\/wp-content\/uploads\/2020\/04\/FOTO-2-768x206.jpg 768w, https:\/\/www.artedown.cl\/nueva-pagina\/wp-content\/uploads\/2020\/04\/FOTO-2-1536x413.jpg 1536w, https:\/\/www.artedown.cl\/nueva-pagina\/wp-content\/uploads\/2020\/04\/FOTO-2-250x67.jpg 250w, https:\/\/www.artedown.cl\/nueva-pagina\/wp-content\/uploads\/2020\/04\/FOTO-2-550x148.jpg 550w, https:\/\/www.artedown.cl\/nueva-pagina\/wp-content\/uploads\/2020\/04\/FOTO-2-800x215.jpg 800w, https:\/\/www.artedown.cl\/nueva-pagina\/wp-content\/uploads\/2020\/04\/FOTO-2-670x180.jpg 670w, https:\/\/www.artedown.cl\/nueva-pagina\/wp-content\/uploads\/2020\/04\/FOTO-2-1116x300.jpg 1116w, https:\/\/www.artedown.cl\/nueva-pagina\/wp-content\/uploads\/2020\/04\/FOTO-2-1860x500.jpg 1860w\" sizes=\"(max-width: 1920px) 100vw, 1920px\" alt=\"\" \t\tclass=\"so-widget-image\"\/>\n\t<\/div>\n\n<\/div><\/div><\/div><\/div><div id=\"pgc-90-2-1\"  class=\"panel-grid-cell\" ><div id=\"panel-90-2-1-0\" class=\"so-panel widget widget_text panel-first-child panel-last-child\" data-index=\"4\" ><div class=\"panel-widget-style panel-widget-style-for-90-2-1-0\" ><h3 class=\"widget-title\">Encuentro de Inclusi\u00f3n y Cultura, Argentina \u2013 Buenos Aires<\/h3>\t\t\t<div class=\"textwidget\"><p>Ni\u00f1os y j\u00f3venes de la Comunidad Movimiento ArteDown Internacional y alumnos de Formaci\u00f3n para el empleo UCA intervinieron un mural guiado por nuestra artista madrina, Margarita Garc\u00e9s.<\/p>\n<p style=\"border-radius: 15px; background-color: #f3cf9e; color: white; text-decoration: none; padding: 15px 10px 15px 10px; margin-top: 30px;\"><strong>Fecha: 5 de junio 2019.<\/strong><br \/>\n<strong>Lugar: Centro Cultural MATTA, Embajada de Chile en Argentina.<\/strong><br \/>\n<strong>Direcci\u00f3n: Tagle esq. Av. del Libertador, Palermo, Buenos Aires.<\/strong><\/p>\n<\/div>\n\t\t<\/div><\/div><\/div><\/div><div id=\"pg-90-3\"  class=\"panel-grid panel-no-style\" ><div id=\"pgc-90-3-0\"  class=\"panel-grid-cell\" ><div id=\"panel-90-3-0-0\" class=\"so-panel widget widget_sow-image panel-first-child panel-last-child\" data-index=\"5\" ><div class=\"panel-widget-style panel-widget-style-for-90-3-0-0\" ><div\n\t\t\t\n\t\t\tclass=\"so-widget-sow-image so-widget-sow-image-default-8b5b6f678277-90\"\n\t\t\t\n\t\t>\n<div class=\"sow-image-container\">\n\t\t<img \n\tsrc=\"https:\/\/www.artedown.cl\/nueva-pagina\/wp-content\/uploads\/2020\/06\/FOTO-4.jpg\" width=\"1024\" height=\"310\" srcset=\"https:\/\/www.artedown.cl\/nueva-pagina\/wp-content\/uploads\/2020\/06\/FOTO-4.jpg 1024w, https:\/\/www.artedown.cl\/nueva-pagina\/wp-content\/uploads\/2020\/06\/FOTO-4-300x91.jpg 300w, https:\/\/www.artedown.cl\/nueva-pagina\/wp-content\/uploads\/2020\/06\/FOTO-4-768x233.jpg 768w, https:\/\/www.artedown.cl\/nueva-pagina\/wp-content\/uploads\/2020\/06\/FOTO-4-250x76.jpg 250w, https:\/\/www.artedown.cl\/nueva-pagina\/wp-content\/uploads\/2020\/06\/FOTO-4-550x167.jpg 550w, https:\/\/www.artedown.cl\/nueva-pagina\/wp-content\/uploads\/2020\/06\/FOTO-4-800x242.jpg 800w, https:\/\/www.artedown.cl\/nueva-pagina\/wp-content\/uploads\/2020\/06\/FOTO-4-595x180.jpg 595w, https:\/\/www.artedown.cl\/nueva-pagina\/wp-content\/uploads\/2020\/06\/FOTO-4-991x300.jpg 991w\" sizes=\"(max-width: 1024px) 100vw, 1024px\" alt=\"\" \t\tclass=\"so-widget-image\"\/>\n\t<\/div>\n\n<\/div><\/div><\/div><\/div><div id=\"pgc-90-3-1\"  class=\"panel-grid-cell\" ><div id=\"panel-90-3-1-0\" class=\"so-panel widget widget_text panel-first-child panel-last-child\" data-index=\"6\" ><div class=\"panel-widget-style panel-widget-style-for-90-3-1-0\" ><h3 class=\"widget-title\">Premiaci\u00f3n concurso \u00abMi Retrato\u00bb<\/h3>\t\t\t<div class=\"textwidget\"><p>Artistas, apoderados y voluntarios de la Comunidad Movimiento ArteDown Internacional pintaron murales guiados por nuestros artistas padrinos, Crist\u00f3bal Espinoza y Margarita Garc\u00e9s. Quienes nos ayudaron a dejar la marca ArteDown en Casablanca.<\/p>\n<p style=\"border-radius: 15px; background-color: #f3cf9e; color: white; text-decoration: none; padding: 15px 10px 15px 10px; margin-top: 30px;\"><strong>Fecha: 3 de mayo 2019.<\/strong><br \/>\n<strong>Lugar: Colegio Humberto Moaht.<\/strong><br \/>\n<strong>Direcci\u00f3n: Av. Portales 167, Casablanca.<\/strong><\/p>\n<\/div>\n\t\t<\/div><\/div><\/div><\/div><div id=\"pg-90-4\"  class=\"panel-grid panel-no-style\" ><div id=\"pgc-90-4-0\"  class=\"panel-grid-cell\" ><div id=\"panel-90-4-0-0\" class=\"so-panel widget widget_sow-image panel-first-child panel-last-child\" data-index=\"7\" ><div class=\"panel-widget-style panel-widget-style-for-90-4-0-0\" ><div\n\t\t\t\n\t\t\tclass=\"so-widget-sow-image so-widget-sow-image-default-8b5b6f678277-90\"\n\t\t\t\n\t\t>\n<div class=\"sow-image-container\">\n\t\t<img \n\tsrc=\"https:\/\/www.artedown.cl\/nueva-pagina\/wp-content\/uploads\/2020\/06\/FOTO-5.jpg\" width=\"1920\" height=\"1440\" srcset=\"https:\/\/www.artedown.cl\/nueva-pagina\/wp-content\/uploads\/2020\/06\/FOTO-5.jpg 1920w, https:\/\/www.artedown.cl\/nueva-pagina\/wp-content\/uploads\/2020\/06\/FOTO-5-300x225.jpg 300w, https:\/\/www.artedown.cl\/nueva-pagina\/wp-content\/uploads\/2020\/06\/FOTO-5-1024x768.jpg 1024w, https:\/\/www.artedown.cl\/nueva-pagina\/wp-content\/uploads\/2020\/06\/FOTO-5-768x576.jpg 768w, https:\/\/www.artedown.cl\/nueva-pagina\/wp-content\/uploads\/2020\/06\/FOTO-5-1536x1152.jpg 1536w, https:\/\/www.artedown.cl\/nueva-pagina\/wp-content\/uploads\/2020\/06\/FOTO-5-250x188.jpg 250w, https:\/\/www.artedown.cl\/nueva-pagina\/wp-content\/uploads\/2020\/06\/FOTO-5-550x413.jpg 550w, https:\/\/www.artedown.cl\/nueva-pagina\/wp-content\/uploads\/2020\/06\/FOTO-5-800x600.jpg 800w, https:\/\/www.artedown.cl\/nueva-pagina\/wp-content\/uploads\/2020\/06\/FOTO-5-240x180.jpg 240w, https:\/\/www.artedown.cl\/nueva-pagina\/wp-content\/uploads\/2020\/06\/FOTO-5-400x300.jpg 400w, https:\/\/www.artedown.cl\/nueva-pagina\/wp-content\/uploads\/2020\/06\/FOTO-5-667x500.jpg 667w\" sizes=\"(max-width: 1920px) 100vw, 1920px\" alt=\"\" \t\tclass=\"so-widget-image\"\/>\n\t<\/div>\n\n<\/div><\/div><\/div><\/div><div id=\"pgc-90-4-1\"  class=\"panel-grid-cell\" ><div id=\"panel-90-4-1-0\" class=\"so-panel widget widget_text panel-first-child panel-last-child\" data-index=\"8\" ><div class=\"panel-widget-style panel-widget-style-for-90-4-1-0\" ><h3 class=\"widget-title\">Voluntariado Corporativo<\/h3>\t\t\t<div class=\"textwidget\"><p>Voluntarios de la empresa Cencosud participaron pintando un mural, acompa\u00f1ados de ni\u00f1os y guiado por nuestra artista madrina, Bruna Truffa.<\/p>\n<p style=\"border-radius: 15px; background-color: #f3cf9e; color: white; text-decoration: none; padding: 15px 10px 15px 10px; margin-top: 30px;\"><strong>Fecha: 28 de septiembre 2018.<\/strong><br \/>\n<strong>Lugar: Fundaci\u00f3n Artesanos de la vida.<\/strong><br \/>\n<strong>Direcci\u00f3n: Av. Costanera Norte N\u00ba 7299, Renca.<\/strong><\/p>\n<\/div>\n\t\t<\/div><\/div><\/div><\/div><div id=\"pg-90-5\"  class=\"panel-grid panel-no-style\" ><div id=\"pgc-90-5-0\"  class=\"panel-grid-cell\" ><div id=\"panel-90-5-0-0\" class=\"so-panel widget widget_sow-image panel-first-child panel-last-child\" data-index=\"9\" ><div class=\"panel-widget-style panel-widget-style-for-90-5-0-0\" ><div\n\t\t\t\n\t\t\tclass=\"so-widget-sow-image so-widget-sow-image-default-8b5b6f678277-90\"\n\t\t\t\n\t\t>\n<div class=\"sow-image-container\">\n\t\t<img \n\tsrc=\"https:\/\/www.artedown.cl\/nueva-pagina\/wp-content\/uploads\/2020\/06\/FOTO-6.jpg\" width=\"1920\" height=\"1440\" srcset=\"https:\/\/www.artedown.cl\/nueva-pagina\/wp-content\/uploads\/2020\/06\/FOTO-6.jpg 1920w, https:\/\/www.artedown.cl\/nueva-pagina\/wp-content\/uploads\/2020\/06\/FOTO-6-300x225.jpg 300w, https:\/\/www.artedown.cl\/nueva-pagina\/wp-content\/uploads\/2020\/06\/FOTO-6-1024x768.jpg 1024w, https:\/\/www.artedown.cl\/nueva-pagina\/wp-content\/uploads\/2020\/06\/FOTO-6-768x576.jpg 768w, https:\/\/www.artedown.cl\/nueva-pagina\/wp-content\/uploads\/2020\/06\/FOTO-6-1536x1152.jpg 1536w, https:\/\/www.artedown.cl\/nueva-pagina\/wp-content\/uploads\/2020\/06\/FOTO-6-250x188.jpg 250w, https:\/\/www.artedown.cl\/nueva-pagina\/wp-content\/uploads\/2020\/06\/FOTO-6-550x413.jpg 550w, https:\/\/www.artedown.cl\/nueva-pagina\/wp-content\/uploads\/2020\/06\/FOTO-6-800x600.jpg 800w, https:\/\/www.artedown.cl\/nueva-pagina\/wp-content\/uploads\/2020\/06\/FOTO-6-240x180.jpg 240w, https:\/\/www.artedown.cl\/nueva-pagina\/wp-content\/uploads\/2020\/06\/FOTO-6-400x300.jpg 400w, https:\/\/www.artedown.cl\/nueva-pagina\/wp-content\/uploads\/2020\/06\/FOTO-6-667x500.jpg 667w\" sizes=\"(max-width: 1920px) 100vw, 1920px\" alt=\"\" \t\tclass=\"so-widget-image\"\/>\n\t<\/div>\n\n<\/div><\/div><\/div><\/div><div id=\"pgc-90-5-1\"  class=\"panel-grid-cell\" ><div id=\"panel-90-5-1-0\" class=\"so-panel widget widget_text panel-first-child panel-last-child\" data-index=\"10\" ><div class=\"panel-widget-style panel-widget-style-for-90-5-1-0\" ><h3 class=\"widget-title\">Voluntariado Corporativo<\/h3>\t\t\t<div class=\"textwidget\"><p>Voluntarios de la empresa Cencosud participaron pintando un mural, acompa\u00f1ados de ni\u00f1os y guiado por nuestra artista destacada, Margarita Garc\u00e9s.<\/p>\n<p style=\"border-radius: 15px; background-color: #f3cf9e; color: white; text-decoration: none; padding: 15px 10px 15px 10px; margin-top: 30px;\"><strong>Fecha: 7 de septiembre 2018.<\/strong><br \/>\n<strong>Lugar: Jard\u00edn infantil Nuevo Amanecer.<\/strong><br \/>\n<strong>Direcci\u00f3n: Volc\u00e1n Antillanca 3060, La Florida.<\/strong><\/p>\n<\/div>\n\t\t<\/div><\/div><\/div><\/div><\/div>","protected":false},"excerpt":{"rendered":"<p>Alumnos de la Fundaci\u00f3n EGO SUM colaboraron en la realizaci\u00f3n de un mural dirigido por nuestra artista madrina Margarita Garc\u00e9s. Fecha: 21 de Agosto 2019 Lugar: Fundaci\u00f3n EGO SUM Direcci\u00f3n: Collao 780, Concepci\u00f3n<\/p>\n","protected":false},"author":1,"featured_media":0,"parent":0,"menu_order":0,"comment_status":"closed","ping_status":"closed","template":"template\/page\/fullwidth.php","meta":{"bgseo_title":"","bgseo_description":"","bgseo_robots_index":"index","bgseo_robots_follow":"follow","footnotes":""},"class_list":["post-90","page","type-page","status-publish","hentry"],"_links":{"self":[{"href":"https:\/\/www.artedown.cl\/nueva-pagina\/wp-json\/wp\/v2\/pages\/90","targetHints":{"allow":["GET"]}}],"collection":[{"href":"https:\/\/www.artedown.cl\/nueva-pagina\/wp-json\/wp\/v2\/pages"}],"about":[{"href":"https:\/\/www.artedown.cl\/nueva-pagina\/wp-json\/wp\/v2\/types\/page"}],"author":[{"embeddable":true,"href":"https:\/\/www.artedown.cl\/nueva-pagina\/wp-json\/wp\/v2\/users\/1"}],"replies":[{"embeddable":true,"href":"https:\/\/www.artedown.cl\/nueva-pagina\/wp-json\/wp\/v2\/comments?post=90"}],"version-history":[{"count":10,"href":"https:\/\/www.artedown.cl\/nueva-pagina\/wp-json\/wp\/v2\/pages\/90\/revisions"}],"predecessor-version":[{"id":929,"href":"https:\/\/www.artedown.cl\/nueva-pagina\/wp-json\/wp\/v2\/pages\/90\/revisions\/929"}],"wp:attachment":[{"href":"https:\/\/www.artedown.cl\/nueva-pagina\/wp-json\/wp\/v2\/media?parent=90"}],"curies":[{"name":"wp","href":"https:\/\/api.w.org\/{rel}","templated":true}]}}